
{"id":52,"date":"2013-10-01T01:10:39","date_gmt":"2013-09-30T23:10:39","guid":{"rendered":"http:\/\/pwe-racing.de\/?page_id=52"},"modified":"2014-04-03T17:47:09","modified_gmt":"2014-04-03T16:47:09","slug":"media","status":"publish","type":"page","link":"https:\/\/pwe-racing.de\/?page_id=52","title":{"rendered":"Media"},"content":{"rendered":"<figure id=\"attachment_573\" aria-describedby=\"caption-attachment-573\" style=\"width: 202px\" class=\"wp-caption alignleft\"><a href=\"http:\/\/pwe-racing.de\/?page_id=581 \"><img decoding=\"async\" loading=\"lazy\" class=\"wp-image-573 \" alt=\"CRG\" src=\"https:\/\/i0.wp.com\/pwe-racing.de\/wp-content\/uploads\/6998_601235943293702_428703926_n.jpg?resize=202%2C270\" width=\"202\" height=\"270\" srcset=\"https:\/\/i0.wp.com\/pwe-racing.de\/wp-content\/uploads\/6998_601235943293702_428703926_n.jpg?w=403&amp;ssl=1 403w, https:\/\/i0.wp.com\/pwe-racing.de\/wp-content\/uploads\/6998_601235943293702_428703926_n.jpg?resize=225%2C300&amp;ssl=1 225w\" sizes=\"(max-width: 202px) 100vw, 202px\" data-recalc-dims=\"1\" \/><\/a><figcaption id=\"caption-attachment-573\" class=\"wp-caption-text\">Hier geht es zur Gallery<\/figcaption><\/figure>\n<figure id=\"attachment_607\" aria-describedby=\"caption-attachment-607\" style=\"width: 270px\" class=\"wp-caption alignleft\"><a href=\"http:\/\/pwe-racing.de\/?page_id=593\"><img decoding=\"async\" loading=\"lazy\" class=\"wp-image-607 \" alt=\"Video\" src=\"https:\/\/i0.wp.com\/pwe-racing.de\/wp-content\/uploads\/video-marketing1.jpg?resize=270%2C270\" width=\"270\" height=\"270\" srcset=\"https:\/\/i0.wp.com\/pwe-racing.de\/wp-content\/uploads\/video-marketing1.jpg?w=300&amp;ssl=1 300w, https:\/\/i0.wp.com\/pwe-racing.de\/wp-content\/uploads\/video-marketing1.jpg?resize=150%2C150&amp;ssl=1 150w, https:\/\/i0.wp.com\/pwe-racing.de\/wp-content\/uploads\/video-marketing1.jpg?resize=90%2C90&amp;ssl=1 90w\" sizes=\"(max-width: 270px) 100vw, 270px\" data-recalc-dims=\"1\" \/><\/a><figcaption id=\"caption-attachment-607\" class=\"wp-caption-text\">Hier geht es zu den Videos<\/figcaption><\/figure>\n<p style=\"text-align: center;\">\n","protected":false},"excerpt":{"rendered":"","protected":false},"author":1,"featured_media":0,"parent":0,"menu_order":5,"comment_status":"closed","ping_status":"closed","template":"","meta":{"jetpack_post_was_ever_published":false},"jetpack_sharing_enabled":true,"jetpack_shortlink":"https:\/\/wp.me\/P3YlFR-Q","jetpack-related-posts":[{"id":158,"url":"https:\/\/pwe-racing.de\/","url_meta":{"origin":52,"position":0},"title":"Home","author":"Philipp Weber","date":"2. Oktober 2013","format":false,"excerpt":"N\u00e4chstes Rennen :\u00a0 22 - 23 . 06 . 2019 -- Bopfingen Aktuelles : --> Live Stream - RMC Bopfingen\u00a0 hier <-- Herzlich Willkommen Willkommen auf der Internetseite von Philipp Weber. Hier erfahren Sie alles \u00fcber den Kartfahrer aus Ebersbach an der Fils - Ro\u00dfw\u00e4lden (Stuttgart). Rennberichte, aktuelle Bilder, Termine\u2026","rel":"","context":"\u00c4hnlicher Beitrag","block_context":{"text":"\u00c4hnlicher Beitrag","link":""},"img":{"alt_text":"","src":"https:\/\/i0.wp.com\/pwe-racing.de\/wp-content\/uploads\/Philipp.jpg?resize=350%2C200","width":350,"height":200},"classes":[]},{"id":1411,"url":"https:\/\/pwe-racing.de\/?page_id=1411","url_meta":{"origin":52,"position":1},"title":"RMC Live-Stream","author":"Philipp Weber","date":"27. M\u00e4rz 2016","format":false,"excerpt":"Aufzeichnungen sind unter Media Videos zu finden -> Hier klicken <-- Kartodrom Rotax Max Challenge Germany\u00a0 <- Livetiming hier RMC","rel":"","context":"\u00c4hnlicher Beitrag","block_context":{"text":"\u00c4hnlicher Beitrag","link":""},"img":{"alt_text":"","src":"https:\/\/i0.wp.com\/pwe-racing.de\/wp-content\/uploads\/video-marketing1.jpg?resize=350%2C200","width":350,"height":200},"classes":[]},{"id":900,"url":"https:\/\/pwe-racing.de\/?page_id=900","url_meta":{"origin":52,"position":2},"title":"Mario Mei\u00dfner #599","author":"Philipp Weber","date":"25. November 2014","format":false,"excerpt":"In der Saison 2015 war Philipp in der Rotax Max Challenge Deutschland als Schrauber t\u00e4tig, beim DD2 Masters Fahrer Mario Mei\u00dfner. Das Rotax Max Challenge Open Wochenende war ein toller Einstieg als Schrauben in die bevorstehende Saison, Mario Mei\u00dfner holte sich einen starken 3 Platz. Rotax Max Open Wackersdorf 2015\u2026","rel":"","context":"\u00c4hnlicher Beitrag","block_context":{"text":"\u00c4hnlicher Beitrag","link":""},"img":{"alt_text":"","src":"","width":0,"height":0},"classes":[]},{"id":10,"url":"https:\/\/pwe-racing.de\/?page_id=10","url_meta":{"origin":52,"position":3},"title":"\u00dcber mich","author":"Philipp Weber","date":"1. Oktober 2013","format":false,"excerpt":"Philipp Weber *24.08.1984 Kartsport seit : 2007 Aktiv seit\u00a0 \u00a0 \u00a0\u00a0\u00a0\u00a0 : 2013 \u00a0Lieblingsstrecken: Liedolsheim Oppenrod Ampfing Kirchheim unter Teck \u00a0Klasse: Rotax DD2 Master Hobbys: Kartsport Fitness Photography Ziele f\u00fcr 2017: Erfahrung Sammeln\u00a0 \u00a0\u00a0 Top 5 Platzierungen in der Rotax Max Challenge Deutschland History Philipp ist seit der Saison 2013\u2026","rel":"","context":"\u00c4hnlicher Beitrag","block_context":{"text":"\u00c4hnlicher Beitrag","link":""},"img":{"alt_text":"","src":"https:\/\/i0.wp.com\/pwe-racing.de\/wp-content\/uploads\/IMG_6720-e1470848368106.jpg?resize=350%2C200","width":350,"height":200},"classes":[]},{"id":449,"url":"https:\/\/pwe-racing.de\/?page_id=449","url_meta":{"origin":52,"position":4},"title":"Sponsoren","author":"Philipp Weber","date":"27. Dezember 2013","format":false,"excerpt":"Wir sind immer auf der Suche nach Sponsoren f\u00fcr unsere Ausr\u00fcstung. Wir bieten als Gegenleistung Werbefl\u00e4chen am Kart, Anzug und weiteren Fahrzeugen an. Mehr Erfahren Sie in der Sponsorenmappe die hier zum Download bereit steht. Wenn Sie Interesse haben treten sie doch einfach mit mir in Kontakt. E-Mail Adresse: info@pwe-racing.de\u2026","rel":"","context":"\u00c4hnlicher Beitrag","block_context":{"text":"\u00c4hnlicher Beitrag","link":""},"img":{"alt_text":"","src":"https:\/\/i0.wp.com\/pwe-racing.de\/wp-content\/uploads\/Folie11.jpg?resize=350%2C200","width":350,"height":200},"classes":[]}],"jetpack_likes_enabled":true,"_links":{"self":[{"href":"https:\/\/pwe-racing.de\/index.php?rest_route=\/wp\/v2\/pages\/52"}],"collection":[{"href":"https:\/\/pwe-racing.de\/index.php?rest_route=\/wp\/v2\/pages"}],"about":[{"href":"https:\/\/pwe-racing.de\/index.php?rest_route=\/wp\/v2\/types\/page"}],"author":[{"embeddable":true,"href":"https:\/\/pwe-racing.de\/index.php?rest_route=\/wp\/v2\/users\/1"}],"replies":[{"embeddable":true,"href":"https:\/\/pwe-racing.de\/index.php?rest_route=%2Fwp%2Fv2%2Fcomments&post=52"}],"version-history":[{"count":18,"href":"https:\/\/pwe-racing.de\/index.php?rest_route=\/wp\/v2\/pages\/52\/revisions"}],"predecessor-version":[{"id":142,"href":"https:\/\/pwe-racing.de\/index.php?rest_route=\/wp\/v2\/pages\/52\/revisions\/142"}],"wp:attachment":[{"href":"https:\/\/pwe-racing.de\/index.php?rest_route=%2Fwp%2Fv2%2Fmedia&parent=52"}],"curies":[{"name":"wp","href":"https:\/\/api.w.org\/{rel}","templated":true}]}}