
{"id":22,"date":"2013-10-01T00:09:55","date_gmt":"2013-09-30T23:09:55","guid":{"rendered":"http:\/\/pwe-racing.de\/?page_id=22"},"modified":"2019-02-21T22:01:45","modified_gmt":"2019-02-21T21:01:45","slug":"ergebnisse","status":"publish","type":"page","link":"https:\/\/pwe-racing.de\/?page_id=22","title":{"rendered":"Ergebnisse"},"content":{"rendered":"<h2><strong>Rotax Max Challenge Deutschland 2017<\/strong><\/h2>\n<p><!--more--><\/p>\n<table>\n<tbody>\n<tr>\n<td><strong>Strecke<\/strong><\/td>\n<td><strong>Quali.<\/strong><\/td>\n<td><strong>1.Lauf<\/strong><\/td>\n<td><strong>2.Lauf<\/strong><\/td>\n<td><strong>3.Lauf<\/strong><\/td>\n<td><strong>Meisterschaft<br \/>\n<\/strong><\/td>\n<td colspan=\"1\" rowspan=\"1\"><strong>Serien<br \/>\n<\/strong><\/td>\n<td colspan=\"1\" rowspan=\"1\"><strong>Chassis<br \/>\n<\/strong><\/td>\n<\/tr>\n<tr>\n<td colspan=\"1\" rowspan=\"1\">Wittgenborn<\/td>\n<td colspan=\"1\" rowspan=\"1\">2<\/td>\n<td colspan=\"1\" rowspan=\"1\">3<\/td>\n<td colspan=\"1\" rowspan=\"1\">1<\/td>\n<td colspan=\"1\" rowspan=\"1\">1<\/td>\n<td colspan=\"1\" rowspan=\"1\">1<\/td>\n<td colspan=\"1\" rowspan=\"1\">RMC<\/td>\n<td colspan=\"1\" rowspan=\"1\">Maranello<\/td>\n<\/tr>\n<tr>\n<td colspan=\"1\" rowspan=\"1\">Wackersdorf<\/td>\n<td colspan=\"1\" rowspan=\"1\">4<\/td>\n<td colspan=\"1\" rowspan=\"1\">3<\/td>\n<td colspan=\"1\" rowspan=\"1\">4<\/td>\n<td colspan=\"1\" rowspan=\"1\">2<\/td>\n<td style=\"text-align: left;\" colspan=\"1\" rowspan=\"1\">1<\/td>\n<td colspan=\"1\" rowspan=\"1\">RMC<\/td>\n<td colspan=\"1\" rowspan=\"1\">Maranello<\/td>\n<\/tr>\n<tr>\n<td>Genk<\/td>\n<td>5<\/td>\n<td>15**<\/td>\n<td colspan=\"1\" rowspan=\"1\">9*<\/td>\n<td colspan=\"1\" rowspan=\"1\">7**<\/td>\n<td colspan=\"1\" rowspan=\"1\">2<\/td>\n<td colspan=\"1\" rowspan=\"1\">RMC<\/td>\n<td colspan=\"1\" rowspan=\"1\">Maranello<\/td>\n<\/tr>\n<tr>\n<td>Ampfing<\/td>\n<td>3<\/td>\n<td>3<\/td>\n<td colspan=\"1\" rowspan=\"1\">10*\/**<\/td>\n<td colspan=\"1\" rowspan=\"1\">7<\/td>\n<td colspan=\"1\" rowspan=\"1\">3<\/td>\n<td colspan=\"1\" rowspan=\"1\">RMC<\/td>\n<td colspan=\"1\" rowspan=\"1\">Maranello<\/td>\n<\/tr>\n<tr>\n<td colspan=\"1\" rowspan=\"1\">Kerpen<\/td>\n<td colspan=\"1\" rowspan=\"1\">4<\/td>\n<td colspan=\"1\" rowspan=\"1\">10*<\/td>\n<td colspan=\"1\" rowspan=\"1\">11*<\/td>\n<td colspan=\"1\" rowspan=\"1\">8*<\/td>\n<td colspan=\"1\" rowspan=\"1\">4<\/td>\n<td colspan=\"1\" rowspan=\"1\">RMC<\/td>\n<td colspan=\"1\" rowspan=\"1\">Maranello<\/td>\n<\/tr>\n<\/tbody>\n<\/table>\n<p>*Unfall\u00a0 **Technischer Defekt\u00a0 ***Abbruch\u00a0 **** Pit-Stop \u00a0\u00a0\u00a0\u00a0\u00a0\u00a0\u00a0\u00a0 Meisterschafts-Endstand: <strong>Platz 4<br \/>\n<\/strong><\/p>\n<h2><strong>Rotax Max Open Deutschland 2017<\/strong><\/h2>\n<p><!--more--><\/p>\n<table border=\"0\" width=\"653\" cellspacing=\"0\" cellpadding=\"3\">\n<tbody>\n<tr>\n<td><strong>Strecke<\/strong><\/td>\n<td><strong>Quali.<\/strong><\/td>\n<td><strong>1.Lauf<\/strong><\/td>\n<td colspan=\"1\" rowspan=\"1\"><strong>2.Lauf<\/strong><\/td>\n<td colspan=\"1\" rowspan=\"1\"><strong>3.Lauf<\/strong><\/td>\n<td colspan=\"1\" rowspan=\"1\"><strong>Meisterschaft<br \/>\n<\/strong><\/td>\n<td colspan=\"1\" rowspan=\"1\"><strong>Serien<br \/>\n<\/strong><\/td>\n<td colspan=\"1\" rowspan=\"1\"><strong>Chassis<br \/>\n<\/strong><\/td>\n<\/tr>\n<tr>\n<td>\u00a0Wackersdorf<\/td>\n<td>6<\/td>\n<td>7<\/td>\n<td>8<\/td>\n<td>7<\/td>\n<td>7<\/td>\n<td>RMC Open<\/td>\n<td>Maranello<\/td>\n<\/tr>\n<\/tbody>\n<\/table>\n<p>*Unfall **Technischer Defekt ***Abbruch **** Pit-Stop\u00a0\u00a0\u00a0\u00a0\u00a0\u00a0\u00a0\u00a0\u00a0\u00a0\u00a0\u00a0\u00a0\u00a0 Meisterschafts-Endstand: <strong>Platz 7<br \/>\n<\/strong><\/p>\n<hr \/>\n<h2><strong>Rotax Max Challenge Deutschland 2016<\/strong><\/h2>\n<p><!--more--><\/p>\n<table border=\"0\" width=\"653\" cellspacing=\"0\" cellpadding=\"3\">\n<tbody>\n<tr>\n<td><strong>Strecke<\/strong><\/td>\n<td><strong>Quali.<\/strong><\/td>\n<td><strong>1.Lauf<\/strong><\/td>\n<td colspan=\"1\" rowspan=\"1\"><strong>2.Lauf<\/strong><\/td>\n<td colspan=\"1\" rowspan=\"1\"><strong>3.Lauf<\/strong><\/td>\n<td colspan=\"1\" rowspan=\"1\"><strong>Meisterschaft<br \/>\n<\/strong><\/td>\n<td colspan=\"1\" rowspan=\"1\"><strong>Serien<br \/>\n<\/strong><\/td>\n<td colspan=\"1\" rowspan=\"1\"><strong>Chassis<br \/>\n<\/strong><\/td>\n<\/tr>\n<tr>\n<td colspan=\"1\" rowspan=\"1\">Genk<\/td>\n<td colspan=\"1\" rowspan=\"1\">7<\/td>\n<td colspan=\"1\" rowspan=\"1\">7<\/td>\n<td colspan=\"1\" rowspan=\"1\">19****<\/td>\n<td colspan=\"1\" rowspan=\"1\">5<\/td>\n<td colspan=\"1\" rowspan=\"1\">9<\/td>\n<td colspan=\"1\" rowspan=\"1\">RMC<\/td>\n<td colspan=\"1\" rowspan=\"1\">Maranello<\/td>\n<\/tr>\n<tr>\n<td colspan=\"1\" rowspan=\"1\">Hahn<\/td>\n<td colspan=\"1\" rowspan=\"1\">6<\/td>\n<td colspan=\"1\" rowspan=\"1\">10*<\/td>\n<td colspan=\"1\" rowspan=\"1\">19**<\/td>\n<td colspan=\"1\" rowspan=\"1\">8<\/td>\n<td style=\"text-align: left;\" colspan=\"1\" rowspan=\"1\">10<\/td>\n<td colspan=\"1\" rowspan=\"1\">RMC<\/td>\n<td colspan=\"1\" rowspan=\"1\">Maranello<\/td>\n<\/tr>\n<tr>\n<td>Wittgenborn<\/td>\n<td>4<\/td>\n<td>3<\/td>\n<td colspan=\"1\" rowspan=\"1\">3<\/td>\n<td colspan=\"1\" rowspan=\"1\">2<\/td>\n<td colspan=\"1\" rowspan=\"1\">6<\/td>\n<td colspan=\"1\" rowspan=\"1\">RMC<\/td>\n<td colspan=\"1\" rowspan=\"1\">Maranello<\/td>\n<\/tr>\n<tr>\n<td>Kerpen<\/td>\n<td>8<\/td>\n<td>9<\/td>\n<td colspan=\"1\" rowspan=\"1\">9<\/td>\n<td colspan=\"1\" rowspan=\"1\">20**<\/td>\n<td colspan=\"1\" rowspan=\"1\">7<\/td>\n<td colspan=\"1\" rowspan=\"1\">RMC<\/td>\n<td colspan=\"1\" rowspan=\"1\">Maranello<\/td>\n<\/tr>\n<tr>\n<td colspan=\"1\" rowspan=\"1\">Wackersdorf<\/td>\n<td colspan=\"1\" rowspan=\"1\">8<\/td>\n<td colspan=\"1\" rowspan=\"1\">7<\/td>\n<td colspan=\"1\" rowspan=\"1\">7<\/td>\n<td colspan=\"1\" rowspan=\"1\">8*<\/td>\n<td colspan=\"1\" rowspan=\"1\">8<\/td>\n<td colspan=\"1\" rowspan=\"1\">RMC<\/td>\n<td colspan=\"1\" rowspan=\"1\">Maranello<\/td>\n<\/tr>\n<\/tbody>\n<\/table>\n<p>*Unfall\u00a0 **Technischer Defekt\u00a0 ***Abbruch\u00a0 **** Pit-Stop \u00a0\u00a0\u00a0\u00a0\u00a0\u00a0\u00a0\u00a0 Meisterschafts-Endstand: <strong>Platz 8<br \/>\n<\/strong><\/p>\n<hr \/>\n<h2><strong>Rhein Main Kart-Cup 2015<\/strong><\/h2>\n<table border=\"0\" width=\"653\" cellspacing=\"0\" cellpadding=\"3\">\n<tbody>\n<tr>\n<td><strong>Strecke<\/strong><\/td>\n<td><strong>Quali.<\/strong><\/td>\n<td><strong>1.Lauf<\/strong><\/td>\n<td colspan=\"1\" rowspan=\"1\"><strong>2.Lauf<br \/>\n<\/strong><\/td>\n<td colspan=\"1\" rowspan=\"1\"><strong>Meisterschaft<br \/>\n<\/strong><\/td>\n<td colspan=\"1\" rowspan=\"1\"><strong>Serien<br \/>\n<\/strong><\/td>\n<td colspan=\"1\" rowspan=\"1\"><strong>Chassis<br \/>\n<\/strong><\/td>\n<\/tr>\n<tr>\n<td colspan=\"1\" rowspan=\"1\">Hahn<\/td>\n<td colspan=\"1\" rowspan=\"1\">\u00a01<\/td>\n<td colspan=\"1\" rowspan=\"1\">\u00a04*<\/td>\n<td colspan=\"1\" rowspan=\"1\">\u00a04<\/td>\n<td colspan=\"1\" rowspan=\"1\">\u00a04<\/td>\n<td colspan=\"1\" rowspan=\"1\">BWKC\/RMKC<\/td>\n<td colspan=\"1\" rowspan=\"1\">\u00a0CRG<\/td>\n<\/tr>\n<tr>\n<td colspan=\"1\" rowspan=\"1\">Wackersdorf<\/td>\n<td colspan=\"1\" rowspan=\"1\">\u00a03<\/td>\n<td colspan=\"1\" rowspan=\"1\">\u00a03<\/td>\n<td colspan=\"1\" rowspan=\"1\">\u00a03<\/td>\n<td style=\"text-align: left;\" colspan=\"1\" rowspan=\"1\">\u00a03<\/td>\n<td colspan=\"1\" rowspan=\"1\">BWKC\/RMKC<\/td>\n<td colspan=\"1\" rowspan=\"1\">\u00a0CRG<\/td>\n<\/tr>\n<tr>\n<td>Wittgenborn<\/td>\n<td>\u00a03<\/td>\n<td>\u00a05<\/td>\n<td colspan=\"1\" rowspan=\"1\">\u00a06<\/td>\n<td colspan=\"1\" rowspan=\"1\">\u00a05<\/td>\n<td colspan=\"1\" rowspan=\"1\">BWKC\/RMKC<\/td>\n<td colspan=\"1\" rowspan=\"1\">\u00a0CRG<\/td>\n<\/tr>\n<tr>\n<td>Kerpen<\/td>\n<td>\u00a07<\/td>\n<td>\u00a07<\/td>\n<td colspan=\"1\" rowspan=\"1\">\u00a09<\/td>\n<td colspan=\"1\" rowspan=\"1\">\u00a04<\/td>\n<td colspan=\"1\" rowspan=\"1\">RMKC<\/td>\n<td colspan=\"1\" rowspan=\"1\">\u00a0CRG<\/td>\n<\/tr>\n<tr>\n<td colspan=\"1\" rowspan=\"1\">Hahn<\/td>\n<td colspan=\"1\" rowspan=\"1\">\u00a09**<\/td>\n<td colspan=\"1\" rowspan=\"1\">\u00a08<\/td>\n<td colspan=\"1\" rowspan=\"1\">\u00a07<\/td>\n<td colspan=\"1\" rowspan=\"1\">\u00a06<\/td>\n<td colspan=\"1\" rowspan=\"1\">RMKC<\/td>\n<td colspan=\"1\" rowspan=\"1\">\u00a0CRG<\/td>\n<\/tr>\n<\/tbody>\n<\/table>\n<p>*Unfall\u00a0 **Technischer Defekt\u00a0 ***Abbruch\u00a0 **** Pit-Stop \u00a0\u00a0\u00a0\u00a0\u00a0\u00a0\u00a0\u00a0 Meisterschafts-Endstand: <strong>Platz 6<br \/>\n<\/strong><\/p>\n<h2><strong>Baden W\u00fcrttemberg Kart-Cup 2015<\/strong><\/h2>\n<table border=\"0\" width=\"653\" cellspacing=\"0\" cellpadding=\"3\">\n<tbody>\n<tr>\n<td><strong>Strecke<\/strong><\/td>\n<td><strong>Quali.<\/strong><\/td>\n<td><strong>1.Lauf<\/strong><\/td>\n<td colspan=\"1\" rowspan=\"1\"><strong>2.Lauf<br \/>\n<\/strong><\/td>\n<td colspan=\"1\" rowspan=\"1\"><strong>Meisterschaft<br \/>\n<\/strong><\/td>\n<td colspan=\"1\" rowspan=\"1\"><strong>Serien<br \/>\n<\/strong><\/td>\n<td colspan=\"1\" rowspan=\"1\"><strong>Chassis<br \/>\n<\/strong><\/td>\n<\/tr>\n<tr>\n<td colspan=\"1\" rowspan=\"1\">Urloffen<\/td>\n<td colspan=\"1\" rowspan=\"1\">\u00a07<\/td>\n<td colspan=\"1\" rowspan=\"1\">\u00a03<\/td>\n<td colspan=\"1\" rowspan=\"1\">\u00a03<\/td>\n<td colspan=\"1\" rowspan=\"1\">\u00a03<\/td>\n<td colspan=\"1\" rowspan=\"1\">BWKC<\/td>\n<td colspan=\"1\" rowspan=\"1\">\u00a0CRG<\/td>\n<\/tr>\n<tr>\n<td colspan=\"1\" rowspan=\"1\">Hahn<\/td>\n<td colspan=\"1\" rowspan=\"1\">\u00a01<\/td>\n<td colspan=\"1\" rowspan=\"1\">\u00a02*<\/td>\n<td colspan=\"1\" rowspan=\"1\">\u00a03<\/td>\n<td colspan=\"1\" rowspan=\"1\">\u00a02<\/td>\n<td colspan=\"1\" rowspan=\"1\">BWKC\/RMKC<\/td>\n<td colspan=\"1\" rowspan=\"1\">\u00a0CRG<\/td>\n<\/tr>\n<tr>\n<td>Wackersdorf<\/td>\n<td>\u00a02<\/td>\n<td>\u00a02<\/td>\n<td colspan=\"1\" rowspan=\"1\">\u00a02<\/td>\n<td colspan=\"1\" rowspan=\"1\">\u00a02<\/td>\n<td colspan=\"1\" rowspan=\"1\">BWKC\/RMKC<\/td>\n<td colspan=\"1\" rowspan=\"1\">\u00a0CRG<\/td>\n<\/tr>\n<tr>\n<td>Urloffen<\/td>\n<td>\u00a05<\/td>\n<td>\u00a05<\/td>\n<td colspan=\"1\" rowspan=\"1\">\u00a02<\/td>\n<td colspan=\"1\" rowspan=\"1\">\u00a02<\/td>\n<td colspan=\"1\" rowspan=\"1\">BWKC<\/td>\n<td colspan=\"1\" rowspan=\"1\">\u00a0CRG<\/td>\n<\/tr>\n<tr>\n<td colspan=\"1\" rowspan=\"1\">Wittgenborn<\/td>\n<td colspan=\"1\" rowspan=\"1\">\u00a03<\/td>\n<td colspan=\"1\" rowspan=\"1\">\u00a04<\/td>\n<td colspan=\"1\" rowspan=\"1\">\u00a04<\/td>\n<td colspan=\"1\" rowspan=\"1\">\u00a03<\/td>\n<td colspan=\"1\" rowspan=\"1\">BWKC\/RMKC<\/td>\n<td colspan=\"1\" rowspan=\"1\">\u00a0CRG<\/td>\n<\/tr>\n<\/tbody>\n<\/table>\n<p>*Unfall\u00a0 **Technischer Defekt\u00a0 ***Abbruch\u00a0 **** Pit-Stop\u00a0\u00a0\u00a0\u00a0\u00a0\u00a0\u00a0\u00a0\u00a0 Meisterschafts-Endstand: <strong>Platz 3<br \/>\n<\/strong><\/p>\n<hr \/>\n<h2><strong>Rhein Main Kart-Cup 2014<\/strong><\/h2>\n<table border=\"0\" width=\"653\" cellspacing=\"0\" cellpadding=\"3\">\n<tbody>\n<tr>\n<td><strong>Strecke<\/strong><\/td>\n<td><strong>Quali.<\/strong><\/td>\n<td><strong>1.Lauf<\/strong><\/td>\n<td colspan=\"1\" rowspan=\"1\"><strong>2.Lauf<br \/>\n<\/strong><\/td>\n<td colspan=\"1\" rowspan=\"1\"><strong>Meisterschaft<br \/>\n<\/strong><\/td>\n<td colspan=\"1\" rowspan=\"1\"><strong>Serien<br \/>\n<\/strong><\/td>\n<td colspan=\"1\" rowspan=\"1\"><strong>Chassis<br \/>\n<\/strong><\/td>\n<\/tr>\n<tr>\n<td colspan=\"1\" rowspan=\"1\">Liedolsheim<strong><br \/>\n<\/strong><\/td>\n<td colspan=\"1\" rowspan=\"1\">\u00a09<\/td>\n<td colspan=\"1\" rowspan=\"1\">\u00a05<\/td>\n<td colspan=\"1\" rowspan=\"1\">\u00a0***<\/td>\n<td colspan=\"1\" rowspan=\"1\">\u00a0nicht gewertet<\/td>\n<td colspan=\"1\" rowspan=\"1\">\u00a0BWKC\/RMKC<\/td>\n<td colspan=\"1\" rowspan=\"1\">CRG<\/td>\n<\/tr>\n<tr>\n<td colspan=\"1\" rowspan=\"1\">Oppenrod<\/td>\n<td colspan=\"1\" rowspan=\"1\">\u00a07<\/td>\n<td colspan=\"1\" rowspan=\"1\">\u00a06<\/td>\n<td colspan=\"1\" rowspan=\"1\">\u00a07<\/td>\n<td style=\"text-align: left;\" colspan=\"1\" rowspan=\"1\">\u00a05<\/td>\n<td colspan=\"1\" rowspan=\"1\">\u00a0RMKC\/NKC<\/td>\n<td colspan=\"1\" rowspan=\"1\">CRG<\/td>\n<\/tr>\n<tr>\n<td>Wackersdorf<\/td>\n<td>\u00a07<\/td>\n<td>\u00a08<\/td>\n<td colspan=\"1\" rowspan=\"1\">\u00a05<\/td>\n<td colspan=\"1\" rowspan=\"1\">\u00a04<\/td>\n<td colspan=\"1\" rowspan=\"1\">\u00a0BWKC\/RMKC<\/td>\n<td colspan=\"1\" rowspan=\"1\">CRG<\/td>\n<\/tr>\n<tr>\n<td>Wittgenborn<\/td>\n<td>\u00a06<\/td>\n<td>\u00a016 *\/**<\/td>\n<td colspan=\"1\" rowspan=\"1\">\u00a010<\/td>\n<td colspan=\"1\" rowspan=\"1\">\u00a04<\/td>\n<td colspan=\"1\" rowspan=\"1\">\u00a0BWKC\/RMKC<\/td>\n<td colspan=\"1\" rowspan=\"1\">CRG<\/td>\n<\/tr>\n<tr>\n<td colspan=\"1\" rowspan=\"1\">Hahn<\/td>\n<td colspan=\"1\" rowspan=\"1\">\u00a06<\/td>\n<td colspan=\"1\" rowspan=\"1\">\u00a06<\/td>\n<td colspan=\"1\" rowspan=\"1\">\u00a08<\/td>\n<td colspan=\"1\" rowspan=\"1\">\u00a05<\/td>\n<td colspan=\"1\" rowspan=\"1\">\u00a0RMKC<\/td>\n<td colspan=\"1\" rowspan=\"1\">CRG<\/td>\n<\/tr>\n<\/tbody>\n<\/table>\n<p>*Unfall\u00a0 **Technischer Defekt\u00a0 ***Abbruch\u00a0 **** Pit-Stop \u00a0\u00a0\u00a0\u00a0\u00a0\u00a0\u00a0\u00a0 Meisterschafts-Endstand: <strong>Platz 5<br \/>\n<\/strong><\/p>\n<h2><strong>Baden W\u00fcrttemberg Kart-Cup 2014<\/strong><\/h2>\n<table border=\"0\" width=\"653\" cellspacing=\"0\" cellpadding=\"3\">\n<tbody>\n<tr>\n<td><strong>Strecke<\/strong><\/td>\n<td><strong>Quali.<\/strong><\/td>\n<td><strong>1.Lauf<\/strong><\/td>\n<td colspan=\"1\" rowspan=\"1\"><strong>2.Lauf<br \/>\n<\/strong><\/td>\n<td colspan=\"1\" rowspan=\"1\"><strong>Meisterschaft<br \/>\n<\/strong><\/td>\n<td colspan=\"1\" rowspan=\"1\"><strong>Serien<br \/>\n<\/strong><\/td>\n<td colspan=\"1\" rowspan=\"1\"><strong>Chassis<br \/>\n<\/strong><\/td>\n<\/tr>\n<tr>\n<td colspan=\"1\" rowspan=\"1\">Liedolsheim<strong><br \/>\n<\/strong><\/td>\n<td colspan=\"1\" rowspan=\"1\">\u00a01<\/td>\n<td colspan=\"1\" rowspan=\"1\">\u00a01<\/td>\n<td colspan=\"1\" rowspan=\"1\">***<\/td>\n<td colspan=\"1\" rowspan=\"1\">nicht gewertet<\/td>\n<td colspan=\"1\" rowspan=\"1\">\u00a0BWKC\/RMKC<\/td>\n<td colspan=\"1\" rowspan=\"1\">CRG<\/td>\n<\/tr>\n<tr>\n<td colspan=\"1\" rowspan=\"1\">Urloffen<strong><br \/>\n<\/strong><\/td>\n<td colspan=\"1\" rowspan=\"1\">\u00a02<\/td>\n<td colspan=\"1\" rowspan=\"1\">\u00a02<\/td>\n<td colspan=\"1\" rowspan=\"1\">1<\/td>\n<td colspan=\"1\" rowspan=\"1\">1<\/td>\n<td colspan=\"1\" rowspan=\"1\">\u00a0BWKC<\/td>\n<td colspan=\"1\" rowspan=\"1\">CRG<\/td>\n<\/tr>\n<tr>\n<td>Wackersdorf<\/td>\n<td>\u00a01<\/td>\n<td>\u00a02<\/td>\n<td colspan=\"1\" rowspan=\"1\">1<\/td>\n<td colspan=\"1\" rowspan=\"1\">1<\/td>\n<td colspan=\"1\" rowspan=\"1\">\u00a0BWKC\/RMKC<\/td>\n<td colspan=\"1\" rowspan=\"1\">CRG<\/td>\n<\/tr>\n<tr>\n<td>Wittgenborn<\/td>\n<td>\u00a01<\/td>\n<td>\u00a03 *\/**<\/td>\n<td colspan=\"1\" rowspan=\"1\">1<\/td>\n<td colspan=\"1\" rowspan=\"1\">1<\/td>\n<td colspan=\"1\" rowspan=\"1\">\u00a0BWKC\/RMKC<\/td>\n<td colspan=\"1\" rowspan=\"1\">CRG<\/td>\n<\/tr>\n<tr>\n<td colspan=\"1\" rowspan=\"1\">Urloffen<\/td>\n<td colspan=\"1\" rowspan=\"1\">\u00a02<\/td>\n<td colspan=\"1\" rowspan=\"1\">\u00a01<\/td>\n<td colspan=\"1\" rowspan=\"1\">1<\/td>\n<td colspan=\"1\" rowspan=\"1\">1<\/td>\n<td colspan=\"1\" rowspan=\"1\">\u00a0BWKC<\/td>\n<td colspan=\"1\" rowspan=\"1\">CRG<\/td>\n<\/tr>\n<\/tbody>\n<\/table>\n<p>*Unfall\u00a0 **Technischer Defekt\u00a0 ***Abbruch\u00a0 **** Pit-Stop\u00a0\u00a0\u00a0\u00a0\u00a0\u00a0\u00a0\u00a0\u00a0 Meisterschafts-Endstand: <strong>Platz 1<\/strong><\/p>\n<hr \/>\n<h2><strong>Baden W\u00fcrttemberg Kart-Cup 2013<\/strong><\/h2>\n<table border=\"0\" width=\"653\" cellspacing=\"0\" cellpadding=\"3\">\n<tbody>\n<tr>\n<td><strong>Strecke<\/strong><\/td>\n<td><strong>Quali.<\/strong><\/td>\n<td><strong>1.Lauf<\/strong><\/td>\n<td colspan=\"1\" rowspan=\"1\"><strong>2.Lauf<br \/>\n<\/strong><\/td>\n<td colspan=\"1\" rowspan=\"1\"><strong>Meisterschaft<br \/>\n<\/strong><\/td>\n<td colspan=\"1\" rowspan=\"1\"><strong>Serien<br \/>\n<\/strong><\/td>\n<td colspan=\"1\" rowspan=\"1\"><strong>Chassis<br \/>\n<\/strong><\/td>\n<\/tr>\n<tr>\n<td colspan=\"1\" rowspan=\"1\">Liedolsheim<strong><br \/>\n<\/strong><\/td>\n<td colspan=\"1\" rowspan=\"1\">9<\/td>\n<td colspan=\"1\" rowspan=\"1\">9<\/td>\n<td colspan=\"1\" rowspan=\"1\">9<\/td>\n<td colspan=\"1\" rowspan=\"1\">3<\/td>\n<td colspan=\"1\" rowspan=\"1\">BWKC\/RMKC<\/td>\n<td colspan=\"1\" rowspan=\"1\">Intrepid<\/td>\n<\/tr>\n<tr>\n<td colspan=\"1\" rowspan=\"1\">Urloffen<strong><br \/>\n<\/strong><\/td>\n<td colspan=\"1\" rowspan=\"1\">nicht<\/td>\n<td colspan=\"1\" rowspan=\"1\">gestartet<\/td>\n<td colspan=\"1\" rowspan=\"1\"><\/td>\n<td colspan=\"1\" rowspan=\"1\">7<\/td>\n<td colspan=\"1\" rowspan=\"1\">BWKC<\/td>\n<td colspan=\"1\" rowspan=\"1\">Intrepid<\/td>\n<\/tr>\n<tr>\n<td>Wackersdorf<\/td>\n<td>9<\/td>\n<td>10<\/td>\n<td colspan=\"1\" rowspan=\"1\">12(**)<\/td>\n<td colspan=\"1\" rowspan=\"1\">5<\/td>\n<td colspan=\"1\" rowspan=\"1\">BWKC\/RMKC<\/td>\n<td colspan=\"1\" rowspan=\"1\">Intrepid<\/td>\n<\/tr>\n<tr>\n<td>Wittgenborn<\/td>\n<td>9<\/td>\n<td>x (*)<\/td>\n<td colspan=\"1\" rowspan=\"1\">x<\/td>\n<td colspan=\"1\" rowspan=\"1\">7<\/td>\n<td colspan=\"1\" rowspan=\"1\">BWKC\/RMKC<\/td>\n<td colspan=\"1\" rowspan=\"1\">Intrepid<\/td>\n<\/tr>\n<tr>\n<td colspan=\"1\" rowspan=\"1\">Urloffen<\/td>\n<td colspan=\"1\" rowspan=\"1\">3<\/td>\n<td colspan=\"1\" rowspan=\"1\">x (**)<\/td>\n<td colspan=\"1\" rowspan=\"1\">4<\/td>\n<td colspan=\"1\" rowspan=\"1\">5<\/td>\n<td colspan=\"1\" rowspan=\"1\">BWKC<\/td>\n<td colspan=\"1\" rowspan=\"1\">CRG<\/td>\n<\/tr>\n<\/tbody>\n<\/table>\n<p>*Unfall\u00a0 **Technischer Defekt\u00a0 ***Abbruch\u00a0 **** Pit-Stop \u00a0\u00a0\u00a0\u00a0\u00a0\u00a0\u00a0\u00a0 Meisterschafts-Endstand: <strong>Platz 5<\/strong><\/p>\n","protected":false},"excerpt":{"rendered":"<p>Rotax Max Challenge Deutschland 2017<\/p>\n","protected":false},"author":1,"featured_media":0,"parent":0,"menu_order":2,"comment_status":"closed","ping_status":"closed","template":"","meta":{"jetpack_post_was_ever_published":false},"jetpack_sharing_enabled":true,"jetpack_shortlink":"https:\/\/wp.me\/P3YlFR-m","jetpack-related-posts":[{"id":900,"url":"https:\/\/pwe-racing.de\/?page_id=900","url_meta":{"origin":22,"position":0},"title":"Mario Mei\u00dfner #599","author":"Philipp Weber","date":"25. November 2014","format":false,"excerpt":"In der Saison 2015 war Philipp in der Rotax Max Challenge Deutschland als Schrauber t\u00e4tig, beim DD2 Masters Fahrer Mario Mei\u00dfner. Das Rotax Max Challenge Open Wochenende war ein toller Einstieg als Schrauben in die bevorstehende Saison, Mario Mei\u00dfner holte sich einen starken 3 Platz. Rotax Max Open Wackersdorf 2015\u2026","rel":"","context":"\u00c4hnlicher Beitrag","block_context":{"text":"\u00c4hnlicher Beitrag","link":""},"img":{"alt_text":"","src":"","width":0,"height":0},"classes":[]},{"id":1411,"url":"https:\/\/pwe-racing.de\/?page_id=1411","url_meta":{"origin":22,"position":1},"title":"RMC Live-Stream","author":"Philipp Weber","date":"27. M\u00e4rz 2016","format":false,"excerpt":"Aufzeichnungen sind unter Media Videos zu finden -> Hier klicken <-- Kartodrom Rotax Max Challenge Germany\u00a0 <- Livetiming hier RMC","rel":"","context":"\u00c4hnlicher Beitrag","block_context":{"text":"\u00c4hnlicher Beitrag","link":""},"img":{"alt_text":"","src":"https:\/\/i0.wp.com\/pwe-racing.de\/wp-content\/uploads\/video-marketing1.jpg?resize=350%2C200","width":350,"height":200},"classes":[]},{"id":158,"url":"https:\/\/pwe-racing.de\/","url_meta":{"origin":22,"position":2},"title":"Home","author":"Philipp Weber","date":"2. Oktober 2013","format":false,"excerpt":"N\u00e4chstes Rennen :\u00a0 22 - 23 . 06 . 2019 -- Bopfingen Aktuelles : --> Live Stream - RMC Bopfingen\u00a0 hier <-- Herzlich Willkommen Willkommen auf der Internetseite von Philipp Weber. Hier erfahren Sie alles \u00fcber den Kartfahrer aus Ebersbach an der Fils - Ro\u00dfw\u00e4lden (Stuttgart). Rennberichte, aktuelle Bilder, Termine\u2026","rel":"","context":"\u00c4hnlicher Beitrag","block_context":{"text":"\u00c4hnlicher Beitrag","link":""},"img":{"alt_text":"","src":"https:\/\/i0.wp.com\/pwe-racing.de\/wp-content\/uploads\/Philipp.jpg?resize=350%2C200","width":350,"height":200},"classes":[]},{"id":62,"url":"https:\/\/pwe-racing.de\/?page_id=62","url_meta":{"origin":22,"position":3},"title":"Chassis","author":"Philipp Weber","date":"1. Oktober 2013","format":false,"excerpt":"In der Saison 2019 wird Philipp mit einem Maranello Kart an den Start gehen. Renn-Kart Maranello Kart RS11 30\/30 DD2 Hersteller Maranello Italien Rahmen Maranello Kart RS12 DD2 30\/30 Motor ROTAX 125 MAX-DD2 Evo 24KW \/ 32,6 PS bei 11.750 Upm 20Nm bei 10.500 Upm Max 14.000 Upm Rennklassen National\u2026","rel":"","context":"\u00c4hnlicher Beitrag","block_context":{"text":"\u00c4hnlicher Beitrag","link":""},"img":{"alt_text":"","src":"https:\/\/i0.wp.com\/pwe-racing.de\/wp-content\/uploads\/10712938_1562609524029541_2246705773467376759_n-e1455388267917.jpg?resize=350%2C200","width":350,"height":200},"classes":[]},{"id":42,"url":"https:\/\/pwe-racing.de\/?page_id=42","url_meta":{"origin":22,"position":4},"title":"Erfolge","author":"Philipp Weber","date":"1. Oktober 2013","format":false,"excerpt":"\u00a0 4. Platz - ADAC Rotax Max Challenge Germany 2017 - Rotax DD2 Master - Maranello Bestes Saison Ergebnis : 1. Platz - Wittgenborn - Wochenendwertung 7. Platz - ADAC Rotax Max Open Germany 2017 - Rotax DD2 Master - Maranello 8. Platz - ADAC Rotax Max Challenge Germany 2016\u2026","rel":"","context":"\u00c4hnlicher Beitrag","block_context":{"text":"\u00c4hnlicher Beitrag","link":""},"img":{"alt_text":"","src":"","width":0,"height":0},"classes":[]},{"id":10,"url":"https:\/\/pwe-racing.de\/?page_id=10","url_meta":{"origin":22,"position":5},"title":"\u00dcber mich","author":"Philipp Weber","date":"1. Oktober 2013","format":false,"excerpt":"Philipp Weber *24.08.1984 Kartsport seit : 2007 Aktiv seit\u00a0 \u00a0 \u00a0\u00a0\u00a0\u00a0 : 2013 \u00a0Lieblingsstrecken: Liedolsheim Oppenrod Ampfing Kirchheim unter Teck \u00a0Klasse: Rotax DD2 Master Hobbys: Kartsport Fitness Photography Ziele f\u00fcr 2017: Erfahrung Sammeln\u00a0 \u00a0\u00a0 Top 5 Platzierungen in der Rotax Max Challenge Deutschland History Philipp ist seit der Saison 2013\u2026","rel":"","context":"\u00c4hnlicher Beitrag","block_context":{"text":"\u00c4hnlicher Beitrag","link":""},"img":{"alt_text":"","src":"https:\/\/i0.wp.com\/pwe-racing.de\/wp-content\/uploads\/IMG_6720-e1470848368106.jpg?resize=350%2C200","width":350,"height":200},"classes":[]}],"jetpack_likes_enabled":true,"_links":{"self":[{"href":"https:\/\/pwe-racing.de\/index.php?rest_route=\/wp\/v2\/pages\/22"}],"collection":[{"href":"https:\/\/pwe-racing.de\/index.php?rest_route=\/wp\/v2\/pages"}],"about":[{"href":"https:\/\/pwe-racing.de\/index.php?rest_route=\/wp\/v2\/types\/page"}],"author":[{"embeddable":true,"href":"https:\/\/pwe-racing.de\/index.php?rest_route=\/wp\/v2\/users\/1"}],"replies":[{"embeddable":true,"href":"https:\/\/pwe-racing.de\/index.php?rest_route=%2Fwp%2Fv2%2Fcomments&post=22"}],"version-history":[{"count":82,"href":"https:\/\/pwe-racing.de\/index.php?rest_route=\/wp\/v2\/pages\/22\/revisions"}],"predecessor-version":[{"id":1710,"href":"https:\/\/pwe-racing.de\/index.php?rest_route=\/wp\/v2\/pages\/22\/revisions\/1710"}],"wp:attachment":[{"href":"https:\/\/pwe-racing.de\/index.php?rest_route=%2Fwp%2Fv2%2Fmedia&parent=22"}],"curies":[{"name":"wp","href":"https:\/\/api.w.org\/{rel}","templated":true}]}}